Is 3589 composite?
True
Is 104281 a composite number?
False
Is 4871 a composite number?
False
Is 23857 a composite number?
False
Is 79657 a prime number?
True
Is 5269 a prime number?
False
Is 3687 prime?
False
Is 8803 composite?
False
Is 468857 a prime number?
False
Is 20249 prime?
True
Is 19121 a composite number?
False
Is 7817 composite?
False
Is 4481 composite?
False
Is 451 a composite number?
True
Is 164767 a prime number?
True
Is 2787 composite?
True
Is 8147 prime?
True
Is 68371 prime?
True
Is 29947 a composite number?
False
Is 793 a prime number?
False
Is 33373 a prime number?
False
Is 2446 composite?
True
Is 127802 a prime number?
False
Is 377 a composite number?
True
Is 365239 prime?
False
Is 5951 prime?
False
Is 36143 prime?
False
Is 284099 a composite number?
True
Is 73517 a composite number?
False
Is 6739 a composite number?
True
Is 2167 composite?
True
Is 242741 composite?
True
Is 22807 a composite number?
False
Is 308255 prime?
False
Is 1119 a composite number?
True
Is 991 prime?
True
Is 681569 prime?
False
Is 32539 a composite number?
True
Is 2863 a prime number?
False
Is 9155 prime?
False
Is 121677 a prime number?
False
Is 1811 a prime number?
True
Is 22153 a composite number?
False
Is 122699 composite?
True
Is 7615 a composite number?
True
Is 907 prime?
True
Is 124897 composite?
False
Is 253646 a composite number?
True
Is 129263 a composite number?
False
Is 75827 a prime number?
False
Is 32993 a prime number?
True
Is 1337 prime?
False
Is 15305 a prime number?
False
Is 4353 a prime number?
False
Is 472741 prime?
True
Is 6673 composite?
False
Is 10903 a composite number?
False
Is 21727 composite?
False
Is 126061 a composite number?
True
Is 16739 prime?
False
Is 6071 prime?
False
Is 24643 a composite number?
True
Is 15811 a prime number?
False
Is 11509 a prime number?
False
Is 1783 composite?
False
Is 3093 composite?
True
Is 54059 a composite number?
False
Is 17971 a prime number?
True
Is 17267 composite?
True
Is 37763 a prime number?
False
Is 39587 prime?
False
Is 78061 a prime number?
False
Is 959 prime?
False
Is 166087 composite?
True
Is 1491946 a composite number?
True
Is 163567 composite?
False
Is 198878 a composite number?
True
Is 529741 prime?
True
Is 20431 prime?
True
Is 17651 prime?
False
Is 1228121 a composite number?
True
Is 171053 a composite number?
False
Is 447 prime?
False
Is 863 composite?
False
Is 1459 a prime number?
True
Is 459659 a prime number?
False
Is 9059 a composite number?
False
Is 375353 prime?
False
Is 245319 a prime number?
False
Is 278143 prime?
True
Is 1943357 composite?
True
Is 36953 a prime number?
False
Is 77299 composite?
True
Is 12661 a prime number?
False
Is 2179 prime?
True
Is 186215 a composite number?
True
Is 629 composite?
True
Is 5497 prime?
False
Is 65737 prime?
False
Is 18393 composite?
True
Is 5747 prime?
False
Is 3719 composite?
False
Is 32321 composite?
False
Is 140407 a prime number?
True
Is 161939 prime?
False
Is 13603 a prime number?
False
Is 34123 composite?
False
Is 103387 a composite number?
False
Is 426301 a composite number?
False
Is 310759 composite?
True
Is 435119 composite?
True
Is 4934207 a prime number?
False
Is 713 a prime number?
False
Is 2347283 a prime number?
True
Is 558755 a prime number?
False
Is 68669 prime?
True
Is 1457 prime?
False
Is 47993 composite?
True
Is 1949501 composite?
False
Is 13191 composite?
True
Is 457465 a prime number?
False
Is 207643 a prime number?
True
Is 66083 prime?
True
Is 17209 a prime number?
True
Is 218923 a composite number?
False
Is 28387 a composite number?
False
Is 15427 a prime number?
True
Is 54809 a prime number?
False
Is 5747 prime?
False
Is 3659 composite?
False
Is 126067 composite?
False
Is 27329 a prime number?
True
Is 136273 composite?
False
Is 7799 composite?
True
Is 100049 a prime number?
True
Is 509533 a prime number?
False
Is 317707 prime?
False
Is 852901 composite?
True
Is 6449 a composite number?
False
Is 385001 a composite number?
False
Is 216921 a prime number?
False
Is 24397 composite?
True
Is 445411 a prime number?
False
Is 2173 a prime number?
False
Is 14635 a prime number?
False
Is 564043 a prime number?
False
Is 80663 prime?
False
Is 7061 a composite number?
True
Is 379 composite?
False
Is 23687 composite?
False
Is 233 composite?
False
Is 25719 prime?
False
Is 47011 a composite number?
True
Is 1783 a prime number?
True
Is 14821 composite?
False
Is 1177387 a composite number?
False
Is 103141 a prime number?
True
Is 47549 a composite number?
True
Is 45943 a prime number?
True
Is 1126093 prime?
True
Is 269935 a prime number?
False
Is 125403 a prime number?
False
Is 26687 a prime number?
True
Is 2053 composite?
False
Is 1681777 a prime number?
False
Is 7039 a prime number?
True
Is 389411 a prime number?
False
Is 142151 a prime number?
True
Is 787 a composite number?
False
Is 939209 prime?
False
Is 1292761 composite?
True
Is 1543 composite?
False
Is 21635 composite?
True
Is 165829 a prime number?
True
Is 56543 a prime number?
True
Is 91671 a prime number?
False
Is 76702 prime?
False
Is 13667 a prime number?
False
Is 46301 prime?
True
Is 190897 composite?
True
Is 15439 prime?
True
Is 139241 composite?
False
Is 315247 prime?
True
Is 620849 prime?
True
Is 5323 composite?
False
Is 12763 composite?
False
Is 26839 a composite number?
False
Is 4717 composite?
True
Is 107335 a prime number?
False
Is 3229 prime?
True
Is 55007 a prime number?
False
Is 557 composite?
False
Is 14123 prime?
False
Is 3587 a prime number?
False
Is 78479 a prime number?
True
Is 239231 a prime number?
True
Is 65885 a composite number?
True
Is 402145 composite?
True
Is 13561 a prime number?
False
Is 74671 prime?
False
Is 1147 a prime number?
False
Is 2931 prime?
False
Is 1265249 composite?
False
Is 418063 prime?
False
Is 268123 composite?
False
Is 2551 a composite number?
False
Is 237782 a prime number?
False
Is 895813 a composite number?
False
Is 994793 prime?
True
Is 401809 a prime number?
True
Is 331343 composite?
True
Is 4583 prime?
True
Is 86753 composite?
False
Is 6769 composite?
True
Is 81511 prime?
False
Is 47041 a composite number?
False
Is 7961 composite?
True
Is 779783 prime?
False
Is 209973 a composite number?
True
Is 45943 a prime number?
True
Is 30554 a composite number?
True
Is 62267 a composite number?
True
Is 22559 composite?
True
Is 359561 prime?
True
Is 2018309 prime?
True
Is 12761 a composite number?
True
Is 193462 a prime number?
False
Is 2897 prime?
True
Is 16757 a prime number?
False
Is 76801 prime?
True
Is 205391 composite?
False
Is 937433 prime?
False
Is 3127 a composite number?
True
Is 4397 composite?
False
Is 31307 prime?
True
Is 120319 a composite number?
False
Is 18071 a prime number?
False
Is 42899 a prime number?
True
Is 66835 a prime number?
False
Is 447979 a prime number?
False
Is 56617 a prime number?
False
Is 704589 prime?
False
Is 116009 a composite number?
False
Is 454222 prime?
False
Is 6421 prime?
True
Is 165071 a composite number?
True
Is 477607 a composite number?
True
Is 21179 a prime number?
True
Is 67409 composite?
False
Is 23849 a composite number?
True
Is 3827 a prime number?
False
Is 127109 a composite number?
True
Is 10157 composite?
True
Is 5297 prime?
True
Is 8617 composite?
True
Is 431777 a composite number?
False
Is 62171 a composite number?
False
Is 1131217 a prime number?
True
Is 108874 a composite number?
True
Is 233867 composite?
True
Is 14243 a composite number?
False
Is 18839 a composite number?
False
Is 1228531 composite?
True
Is 18353 prime?
True
Is 27831 a composite number?
True
Is 13411 prime?
True
Is 5581 a composite number?
False
Is 302399 prime?
True
Is 3643 a prime number?
True
Is 46723 composite?
False
Is 285823 composite?
False
Is 31679 composite?
True
Is 11887 prime?
True
Is 262751 a composite number?
True
Is 541 prime?
True
Is 42509 a prime number?
True
Is 582577 a composite number?
True
Is 3941 a prime number?
False
Is 7817 composite?
False
Is 786482 prime?
False
Is 50983 composite?
True
Is 276898 a composite number?
True
Is 3063 a prime number?
False
Is 3209 a prime number?
True
Is 245221 a composite number?
True
Is 6353 a composite number?
False
Is 61361 composite?
True
Is 16673 prime?
True
Is 1284059 a composite number?
True
Is 4466167 prime?
True
Is 129131 prime?
False
Is 64